est common divisor of 8228 and 23716?
484
What is the greatest common factor of 4 and 14264?
4
What is the highest common factor of 1020 and 32980?
340
What is the highest common factor of 1633 and 3611?
23
What is the highest common divisor of 1162 and 667818?
166
Calculate the highest common factor of 2450 and 2050.
50
What is the highest common factor of 85428 and 774?
18
Calculate the greatest common factor of 10 and 2864740.
10
Calculate the greatest common factor of 45 and 3110505.
15
Calculate the greatest common factor of 4445 and 240919.
889
Calculate the highest common factor of 63 and 44046.
9
Calculate the greatest common factor of 75252 and 36.
12
Calculate the highest common divisor of 174 and 50866.
58
Calculate the greatest common divisor of 6720234 and 916.
458
What is the highest common divisor of 979 and 51909?
11
Calculate the greatest common divisor of 522 and 1962.
18
What is the greatest common factor of 14066 and 2795?
13
Calculate the greatest common divisor of 240374 and 124.
62
What is the highest common factor of 10687956 and 228?
228
Calculate the greatest common factor of 38566 and 88.
22
What is the highest common divisor of 828 and 3633?
3
What is the highest common divisor of 169985 and 5?
5
Calculate the highest common factor of 990 and 130482.
198
Calculate the greatest common factor of 24682 and 215.
43
What is the highest common divisor of 696 and 1842486?
174
What is the greatest common divisor of 122715 and 505?
505
What is the greatest common divisor of 325 and 2546765?
65
Calculate the greatest common factor of 264920 and 68080.
1480
What is the highest common factor of 2290 and 190?
10
Calculate the greatest common factor of 373 and 183143.
373
Calculate the greatest common divisor of 401636 and 820.
164
What is the greatest common divisor of 136 and 1411?
17
What is the greatest common divisor of 111 and 1183445?
37
Calculate the greatest common divisor of 18 and 1053333.
9
Calculate the highest common divisor of 78 and 55302.
78
What is the highest common factor of 8920 and 99012?
892
Calculate the highest common factor of 255840 and 45.
15
Calculate the highest common factor of 1050 and 9345.
105
Calculate the greatest common factor of 918 and 681.
3
Calculate the highest common factor of 294 and 3300.
6
What is the greatest common factor of 945 and 3285135?
315
Calculate the highest common divisor of 428 and 1127887.
107
What is the highest common divisor of 216275 and 41?
41
What is the highest common factor of 105 and 212835?
105
Calculate the greatest common factor of 4785 and 7755.
165
What is the greatest common divisor of 2265 and 2316?
3
Calculate the greatest common factor of 7569 and 119625.
87
Calculate the greatest common divisor of 57430 and 96.
2
What is the highest common divisor of 82684 and 77?
7
Calculate the greatest common factor of 860 and 370.
10
Calculate the greatest common factor of 1749559 and 1526.
763
What is the greatest common factor of 124 and 2397292?
124
Calculate the highest common divisor of 9746 and 862078.
886
What is the greatest common divisor of 843 and 2644491?
843
Calculate the greatest common divisor of 1594761 and 63.
21
Calculate the highest common divisor of 2690 and 210.
10
Calculate the greatest common divisor of 210 and 1392265.
35
What is the highest common factor of 11099 and 77?
11
Calculate the highest common divisor of 8844 and 77.
11
Calculate the highest common divisor of 3708 and 1336528.
412
Calculate the highest common divisor of 1260685 and 445.
445
Calculate the greatest common factor of 166 and 417739.
83
What is the highest common factor of 3664 and 6183?
229
What is the highest common factor of 219102 and 78?
78
Calculate the greatest common divisor of 6 and 14048.
2
Calculate the greatest common divisor of 367906 and 385.
77
Calculate the highest common divisor of 2356 and 12524.
124
What is the greatest common divisor of 18 and 42888?
6
What is the greatest common divisor of 10490 and 60?
10
Calculate the highest common divisor of 46 and 1367649.
23
Calculate the highest common divisor of 369 and 283843.
41
What is the highest common factor of 70868 and 2128?
28
Calculate the greatest common factor of 102899 and 43.
43
What is the greatest common factor of 423563 and 7?
7
What is the greatest common divisor of 18340 and 924?
28
Calculate the greatest common divisor of 2 and 17247.
1
What is the greatest common factor of 34 and 4426528?
34
Calculate the highest common divisor of 388028 and 48.
4
Calculate the highest common divisor of 41822 and 198.
22
What is the highest common divisor of 83752 and 2494?
58
Calculate the greatest common divisor of 910 and 39494.
182
Calculate the highest common divisor of 410509 and 11.
11
Calculate the greatest common divisor of 38489672 and 13.
13
What is the highest common factor of 27439 and 184?
23
Calculate the greatest common divisor of 696 and 12093.
87
Calculate the highest common factor of 14911 and 8177.
481
What is the greatest common factor of 4045626 and 102?
102
What is the highest common factor of 42 and 75354?
6
Calculate the highest common divisor of 70410 and 555.
15
What is the greatest common factor of 2727 and 299667?
303
What is the greatest common divisor of 69864 and 216?
24
What is the highest common factor of 9498 and 4608?
6
What is the highest common factor of 298 and 2?
2
Calculate the highest common divisor of 122793 and 732.
183
Calculate the greatest common factor of 8 and 24392.
8
What is the greatest common divisor of 7776 and 9882?
162
What is the highest common factor of 80 and 20890?
10
Calculate the highest common factor of 363462 and 132.
66
Calculate the greatest common factor of 33651 and 18.
9
What is the highest common divisor of 212 and 47276?
212
Calculate the greatest common factor of 34 and 1756.
2
What is the highest common divisor of 30336 and 9006?
474
Calculate the highest common divisor of 800 and 253200.
400
Calculate the greatest common divisor of 748839 and 84.
21
Calculate the highest common factor of 6208 and 21631.
97
What is the highest common factor of 6970 and 6630?
170
What is the highest common divisor of 3180 and 25320?
60
Calculate the greatest common factor of 156 and 4531371.
39
Calculate the greatest common divisor of 11866 and 115519.
349
What is the greatest common factor of 400 and 4210?
10
Calculate the highest common divisor of 296 and 236356.
148
Calculate the greatest common divisor of 464132 and 372.
124
Calculate the greatest common factor of 2 and 48302.
2
Calculate the greatest common factor of 5123 and 7739.
109
Calculate the greatest common factor of 11248 and 1026.
38
What is the highest common factor of 1530 and 7339410?
1530
Calculate the greatest common divisor of 7948 and 8.
4
What is the highest common factor of 90 and 4428?
18
Calculate the highest common factor of 678596 and 12.
4
What is the greatest common factor of 54209 and 302?
151
Calculate the highest common factor of 75345 and 45.
15
What is the greatest common factor of 22 and 504053?
11
Calculate the highest common factor of 1859464 and 8.
8
Calculate the greatest common divisor of 220 and 2695.
55
What is the highest common factor of 7968 and 424?
8
What is the highest common divisor of 2475 and 2530?
55
Calculate the greatest common factor of 30099 and 381.
381
Calculate the highest common factor of 4914 and 10374.
546
Calculate the highest common factor of 2398 and 18094.
218
What is the greatest common divisor of 218 and 439706?
218
Calculate the highest common factor of 1749037 and 417.
139
Calculate the greatest common factor of 963 and 24824.
107
What is the highest common divisor of 61607 and 49?
7
Calculate the highest common factor of 66 and 13716.
6
Calculate the greatest common divisor of 1833 and 1989.
39
What is the greatest common divisor of 297 and 117018?
297
Calculate the highest common divisor of 2336 and 288.
32
Calculate the highest common divisor of 31 and 1487287.
31
Calculate the highest common divisor of 120 and 49650.
30
Calculate the highest common divisor of 1013597 and 377.
13
What is the greatest common divisor of 1295 and 9435?
185
What is the greatest common factor of 4888 and 442?
26
What is the highest common divis